{"id":6455,"date":"2026-04-01T11:14:07","date_gmt":"2026-04-01T10:14:07","guid":{"rendered":"https:\/\/helenegugenheim.com\/?page_id=6455"},"modified":"2026-04-01T11:14:07","modified_gmt":"2026-04-01T10:14:07","slug":"sans-terre","status":"publish","type":"page","link":"https:\/\/helenegugenheim.com\/?page_id=6455","title":{"rendered":"Sans terre"},"content":{"rendered":"\n<p>Sans terre. Alen\u00e7on, Orne. Je voulais parler du territoire depuis \u00e7a: je ne poss\u00e8de aucun m\u00e8tre carr\u00e9 m\u00eame pas symboliquement. Chaque appartement est la m\u00e9moire d\u2019une fuite. Je m\u2019en souviens chaque mois en payant le loyer. Je suis de nulle part. La Geste des luttes \u00e9cologiques de Suzanne Husky r\u00e9sonne fort avec \u00e7a.<br><br>Si je fais famille avec des vivants pas seulement humains, c\u2019est par l\u00e0. Ma familiarit\u00e9 se construit dans l\u2019exp\u00e9rience partag\u00e9e d\u2019espaces de vie r\u00e9duits, menac\u00e9s et d\u00e9plac\u00e9s par le droit \u00e0 d\u00e9cider de notre sort qu\u2019ont des petits et des grands propri\u00e9taires fonciers; droit qui s\u2019exerce bien avant la naissance tant il est \u00e9vident qu\u2019\u00eatre sans terre s\u2019h\u00e9rite, comme la propri\u00e9t\u00e9. Quoiqu\u2019\u00e0 diff\u00e9rents degr\u00e9s d\u2019insoutenabilit\u00e9, nous \u2013les sans terre et les cabillauds, avons en commun de ne pas avoir le choix de nos conditions de vie. Mais qui produit les sans-terre ? Je tenais \u00e0 cette m\u00e9moire: la travers\u00e9e \u00e9prouvante de l\u2019h\u00e9ritage esclavagiste du Havre que signe Olivier Marboeuf.<br><br>Il y a ce qu\u2019on sait reconna\u00eetre depuis les grandes villes : les fermes-carte postale d\u00e9jou\u00e9e par Ferru\u00e9l et Gu\u00e9don passant la parole \u00e0 la notaire. Et ce qu\u2019on ne voit pas. M\u00e9lissa M\u00e9rinos rend visible les plages de Normandie faites fronti\u00e8res militaris\u00e9es. Il y a urgence. Qui jouit de pouvoir contempler ses racines, et comment font les autres?<br><br>Il y a les mots d\u2019amour de L\u00e9a Rivi\u00e8re. Territoire point d\u2019interrogation, comme dans passer \u00e0 la question. Je m\u2019y blesse. J\u2019entre avec cette crasse toujours-encore enkyst\u00e9es dans mes poings. J\u2019aimerai bien \u00eatre de quelque part, d\u2019un lieu, d\u2019un groupe, d\u2019une histoire. Ici, il y a le bocage o\u00f9 Jeanne Favret Saada avait \u00e9t\u00e9 prise par \u00ab\u00a0Les mots, la mort, les sorts\u00a0\u00bb. \u00c9cho Sonia Martin Mateus.<br><br>En comit\u00e9 \u00e9ditorial\u00a0: Virginie Bobin, Cl\u00e9mentine Dupr\u00e9 et moi ; juste arriv\u00e9es en Normandie. On a demand\u00e9 \u00e0 Pauline Furlon de nous pr\u00e9senter. Qui est d\u00e9j\u00e0 l\u00e0 ? artistes ou pas mais qui habitent ensemble ce que d\u2019autres pensent p\u00e9riph\u00e9rique. \u00catre hors-champs au quotidien. Se sentir comme un cric gain\u00e9 de cuir (que Lucille Jallot a mis dans les mains de Mathilde Belouali).<br>Nous voici, bien arm\u00e9es pour poursuivre nos travers\u00e9es par les milieux.<\/p>\n\n\n\n<p class=\"has-small-font-size\">Ce texte a \u00e9t\u00e9 \u00e9crit pour l&rsquo;\u00e9dito d&rsquo;Insert#3 (septembre 2024). Il n&rsquo;a pas \u00e9t\u00e9 publi\u00e9. <br>Depuis, gr\u00e2ce \u00e0 l&rsquo;aide d&rsquo;une personne qui m&rsquo;a pr\u00eat\u00e9 de l&rsquo;argent, je suis devenue propri\u00e9taire d&rsquo;une petite maison en pleine campagne. <\/p>\n\n\n\n<p><\/p>\n","protected":false},"excerpt":{"rendered":"<p>Sans terre. Alen\u00e7on, Orne. Je voulais parler du territoire depuis \u00e7a: je ne poss\u00e8de aucun m\u00e8tre carr\u00e9 m\u00eame pas symboliquement. Chaque appartement est la m\u00e9moire d\u2019une fuite. Je m\u2019en souviens chaque mois en payant le loyer. Je suis de nulle part. La Geste des luttes \u00e9cologiques de Suzanne Husky r\u00e9sonne fort avec \u00e7a. Si je &hellip; <a href=\"https:\/\/helenegugenheim.com\/?page_id=6455\" class=\"more-link\">Continuer la lecture de <span class=\"screen-reader-text\">Sans terre<\/span><\/a><\/p>\n","protected":false},"author":1,"featured_media":0,"parent":0,"menu_order":0,"comment_status":"closed","ping_status":"closed","template":"","meta":{"footnotes":""},"class_list":["post-6455","page","type-page","status-publish","hentry"],"_links":{"self":[{"href":"https:\/\/helenegugenheim.com\/index.php?rest_route=\/wp\/v2\/pages\/6455","targetHints":{"allow":["GET"]}}],"collection":[{"href":"https:\/\/helenegugenheim.com\/index.php?rest_route=\/wp\/v2\/pages"}],"about":[{"href":"https:\/\/helenegugenheim.com\/index.php?rest_route=\/wp\/v2\/types\/page"}],"author":[{"embeddable":true,"href":"https:\/\/helenegugenheim.com\/index.php?rest_route=\/wp\/v2\/users\/1"}],"replies":[{"embeddable":true,"href":"https:\/\/helenegugenheim.com\/index.php?rest_route=%2Fwp%2Fv2%2Fcomments&post=6455"}],"version-history":[{"count":1,"href":"https:\/\/helenegugenheim.com\/index.php?rest_route=\/wp\/v2\/pages\/6455\/revisions"}],"predecessor-version":[{"id":6456,"href":"https:\/\/helenegugenheim.com\/index.php?rest_route=\/wp\/v2\/pages\/6455\/revisions\/6456"}],"wp:attachment":[{"href":"https:\/\/helenegugenheim.com\/index.php?rest_route=%2Fwp%2Fv2%2Fmedia&parent=6455"}],"curies":[{"name":"wp","href":"https:\/\/api.w.org\/{rel}","templated":true}]}}

<p>Sans terre. Alençon, Orne. Je voulais parler du territoire depuis ça: je ne possède aucun mètre carré même pas symboliquement. Chaque appartement est la mémoire d’une fuite. Je m’en souviens chaque mois en payant le loyer. Je suis de nulle part. La Geste des luttes écologiques de Suzanne Husky résonne fort avec ça.<br><br>Si je fais famille avec des vivants pas seulement humains, c’est par là. Ma familiarité se construit dans l’expérience partagée d’espaces de vie réduits, menacés et déplacés par le droit à décider de notre sort qu’ont des petits et des grands propriétaires fonciers; droit qui s’exerce bien avant la naissance tant il est évident qu’être sans terre s’hérite, comme la propriété. Quoiqu’à différents degrés d’insoutenabilité, nous –les sans terre et les cabillauds, avons en commun de ne pas avoir le choix de nos conditions de vie. Mais qui produit les sans-terre ? Je tenais à cette mémoire: la traversée éprouvante de l’héritage esclavagiste du Havre que signe Olivier Marboeuf.<br><br>Il y a ce qu’on sait reconnaître depuis les grandes villes : les fermes-carte postale déjouée par Ferruél et Guédon passant la parole à la notaire. Et ce qu’on ne voit pas. Mélissa Mérinos rend visible les plages de Normandie faites frontières militarisées. Il y a urgence. Qui jouit de pouvoir contempler ses racines, et comment font les autres?<br><br>Il y a les mots d’amour de Léa Rivière. Territoire point d’interrogation, comme dans passer à la question. Je m’y blesse. J’entre avec cette crasse toujours-encore enkystées dans mes poings. J’aimerai bien être de quelque part, d’un lieu, d’un groupe, d’une histoire. Ici, il y a le bocage où Jeanne Favret Saada avait été prise par « Les mots, la mort, les sorts ». Écho Sonia Martin Mateus.<br><br>En comité éditorial : Virginie Bobin, Clémentine Dupré et moi ; juste arrivées en Normandie. On a demandé à Pauline Furlon de nous présenter. Qui est déjà là ? artistes ou pas mais qui habitent ensemble ce que d’autres pensent périphérique. Être hors-champs au quotidien. Se sentir comme un cric gainé de cuir (que Lucille Jallot a mis dans les mains de Mathilde Belouali).<br>Nous voici, bien armées pour poursuivre nos traversées par les milieux.</p>



<p class="has-small-font-size">Ce texte a été écrit pour l&rsquo;édito d&rsquo;Insert#3 (septembre 2024). Il n&rsquo;a pas été publié. <br>Depuis, grâce à l&rsquo;aide d&rsquo;une personne qui m&rsquo;a prêté de l&rsquo;argent, je suis devenue propriétaire d&rsquo;une petite maison en pleine campagne. </p>



<p></p>

<p>Sans terre. Alençon, Orne. Je voulais parler du territoire depuis ça: je ne possède aucun mètre carré même pas symboliquement. Chaque appartement est la mémoire d’une fuite. Je m’en souviens chaque mois en payant le loyer. Je suis de nulle part. La Geste des luttes écologiques de Suzanne Husky résonne fort avec ça. Si je &hellip; <a href="https://helenegugenheim.com/?page_id=6455" class="more-link">Continuer la lecture de <span class="screen-reader-text">Sans terre</span></a></p>
