{"id":5529,"date":"2023-06-08T09:30:34","date_gmt":"2023-06-08T08:30:34","guid":{"rendered":"http:\/\/helenegugenheim.com\/?page_id=5529"},"modified":"2026-01-17T23:42:23","modified_gmt":"2026-01-17T22:42:23","slug":"mar-verde-ocean-family","status":"publish","type":"page","link":"https:\/\/helenegugenheim.com\/?page_id=5529","title":{"rendered":"Mar verde (ocean family)"},"content":{"rendered":"\n<p style=\"font-size:10px\">Film HD 11&prime;, October 17th 22, Olh\u00e3o (on request)<br>H\u00e9l\u00e8ne Gugenheim \u00a9Adagp 2023<br>A DeMoS institute production for Carefish\/catch projet, thanks to CCMAR (Portugal), Ana Mar\u00e7alo and the Mar verde crew<\/p>\n\n\n\n<figure class=\"wp-block-image size-large\"><img loading=\"lazy\" decoding=\"async\" width=\"1024\" height=\"576\" src=\"http:\/\/helenegugenheim.com\/wp-content\/uploads\/2023\/06\/marverde1_BD-1024x576.jpg\" alt=\"\" class=\"wp-image-5560\" srcset=\"https:\/\/helenegugenheim.com\/wp-content\/uploads\/2023\/06\/marverde1_BD-1024x576.jpg 1024w, https:\/\/helenegugenheim.com\/wp-content\/uploads\/2023\/06\/marverde1_BD-300x169.jpg 300w, https:\/\/helenegugenheim.com\/wp-content\/uploads\/2023\/06\/marverde1_BD-768x432.jpg 768w, https:\/\/helenegugenheim.com\/wp-content\/uploads\/2023\/06\/marverde1_BD.jpg 1536w\" sizes=\"auto, (max-width: 1024px) 100vw, 1024px\" \/><\/figure>\n\n\n\n<figure class=\"wp-block-image size-large\"><img loading=\"lazy\" decoding=\"async\" width=\"1024\" height=\"576\" src=\"http:\/\/helenegugenheim.com\/wp-content\/uploads\/2023\/06\/marverde6-1024x576.jpg\" alt=\"\" class=\"wp-image-5542\" srcset=\"https:\/\/helenegugenheim.com\/wp-content\/uploads\/2023\/06\/marverde6-1024x576.jpg 1024w, https:\/\/helenegugenheim.com\/wp-content\/uploads\/2023\/06\/marverde6-300x169.jpg 300w, https:\/\/helenegugenheim.com\/wp-content\/uploads\/2023\/06\/marverde6-768x432.jpg 768w, https:\/\/helenegugenheim.com\/wp-content\/uploads\/2023\/06\/marverde6-1536x864.jpg 1536w, https:\/\/helenegugenheim.com\/wp-content\/uploads\/2023\/06\/marverde6.jpg 1920w\" sizes=\"auto, (max-width: 1024px) 100vw, 1024px\" \/><\/figure>\n\n\n\n<figure class=\"wp-block-image size-large\"><img loading=\"lazy\" decoding=\"async\" width=\"1024\" height=\"576\" src=\"http:\/\/helenegugenheim.com\/wp-content\/uploads\/2023\/06\/baudroies_BD-1024x576.jpg\" alt=\"\" class=\"wp-image-5559\" srcset=\"https:\/\/helenegugenheim.com\/wp-content\/uploads\/2023\/06\/baudroies_BD-1024x576.jpg 1024w, https:\/\/helenegugenheim.com\/wp-content\/uploads\/2023\/06\/baudroies_BD-300x169.jpg 300w, https:\/\/helenegugenheim.com\/wp-content\/uploads\/2023\/06\/baudroies_BD-768x432.jpg 768w, https:\/\/helenegugenheim.com\/wp-content\/uploads\/2023\/06\/baudroies_BD.jpg 1536w\" sizes=\"auto, (max-width: 1024px) 100vw, 1024px\" \/><\/figure>\n\n\n\n<figure class=\"wp-block-image size-large\"><img loading=\"lazy\" decoding=\"async\" width=\"1024\" height=\"576\" src=\"http:\/\/helenegugenheim.com\/wp-content\/uploads\/2023\/06\/marverde7-1024x576.jpg\" alt=\"\" class=\"wp-image-5561\" srcset=\"https:\/\/helenegugenheim.com\/wp-content\/uploads\/2023\/06\/marverde7-1024x576.jpg 1024w, https:\/\/helenegugenheim.com\/wp-content\/uploads\/2023\/06\/marverde7-300x169.jpg 300w, https:\/\/helenegugenheim.com\/wp-content\/uploads\/2023\/06\/marverde7-768x432.jpg 768w, https:\/\/helenegugenheim.com\/wp-content\/uploads\/2023\/06\/marverde7-1536x864.jpg 1536w, https:\/\/helenegugenheim.com\/wp-content\/uploads\/2023\/06\/marverde7.jpg 1920w\" sizes=\"auto, (max-width: 1024px) 100vw, 1024px\" \/><\/figure>\n\n\n\n<p style=\"font-size:10px\">(Stills)<\/p>\n\n\n\n<p class=\"has-small-font-size\"><strong>Aussi dans la recherche-cr\u00e9ation Ocean family : <\/strong><br>>> <a href=\"http:\/\/helenegugenheim.com\/?page_id=5614\" data-type=\"page\" data-id=\"5614\">Samuelito<\/a><br>>> <a href=\"http:\/\/helenegugenheim.com\/?page_id=5266\" data-type=\"page\" data-id=\"5266\">The Wake<\/a><br>>> <a href=\"http:\/\/helenegugenheim.com\/?page_id=5401\" data-type=\"page\" data-id=\"5401\">Les Sir\u00e8nes<\/a><br>>> <a href=\"http:\/\/helenegugenheim.com\/?page_id=5497\" data-type=\"page\" data-id=\"5497\">Cooking the ocean family<\/a><br>>> <a href=\"http:\/\/helenegugenheim.com\/?page_id=5592\" data-type=\"page\" data-id=\"5592\">Une sardine<\/a><br>>> <a href=\"https:\/\/helenegugenheim.com\/?page_id=6373\" data-type=\"page\" data-id=\"6373\">Ocean family<\/a><\/p>\n","protected":false},"excerpt":{"rendered":"<p>Film HD 11&prime;, October 17th 22, Olh\u00e3o (on request)H\u00e9l\u00e8ne Gugenheim \u00a9Adagp 2023A DeMoS institute production for Carefish\/catch projet, thanks to CCMAR (Portugal), Ana Mar\u00e7alo and the Mar verde crew (Stills) Aussi dans la recherche-cr\u00e9ation Ocean family : >> Samuelito>> The Wake>> Les Sir\u00e8nes>> Cooking the ocean family>> Une sardine>> Ocean family<\/p>\n","protected":false},"author":1,"featured_media":0,"parent":3001,"menu_order":0,"comment_status":"closed","ping_status":"closed","template":"","meta":{"footnotes":""},"class_list":["post-5529","page","type-page","status-publish","hentry"],"_links":{"self":[{"href":"https:\/\/helenegugenheim.com\/index.php?rest_route=\/wp\/v2\/pages\/5529","targetHints":{"allow":["GET"]}}],"collection":[{"href":"https:\/\/helenegugenheim.com\/index.php?rest_route=\/wp\/v2\/pages"}],"about":[{"href":"https:\/\/helenegugenheim.com\/index.php?rest_route=\/wp\/v2\/types\/page"}],"author":[{"embeddable":true,"href":"https:\/\/helenegugenheim.com\/index.php?rest_route=\/wp\/v2\/users\/1"}],"replies":[{"embeddable":true,"href":"https:\/\/helenegugenheim.com\/index.php?rest_route=%2Fwp%2Fv2%2Fcomments&post=5529"}],"version-history":[{"count":31,"href":"https:\/\/helenegugenheim.com\/index.php?rest_route=\/wp\/v2\/pages\/5529\/revisions"}],"predecessor-version":[{"id":6400,"href":"https:\/\/helenegugenheim.com\/index.php?rest_route=\/wp\/v2\/pages\/5529\/revisions\/6400"}],"up":[{"embeddable":true,"href":"https:\/\/helenegugenheim.com\/index.php?rest_route=\/wp\/v2\/pages\/3001"}],"wp:attachment":[{"href":"https:\/\/helenegugenheim.com\/index.php?rest_route=%2Fwp%2Fv2%2Fmedia&parent=5529"}],"curies":[{"name":"wp","href":"https:\/\/api.w.org\/{rel}","templated":true}]}}