{"id":5401,"date":"2022-11-30T14:33:42","date_gmt":"2022-11-30T13:33:42","guid":{"rendered":"http:\/\/helenegugenheim.com\/?page_id=5401"},"modified":"2026-01-17T23:42:00","modified_gmt":"2026-01-17T22:42:00","slug":"les-sirenes-ocean-family","status":"publish","type":"page","link":"https:\/\/helenegugenheim.com\/?page_id=5401","title":{"rendered":"Les Sir\u00e8nes (ocean family)"},"content":{"rendered":"\n<p class=\"has-small-font-size\">Chercher des familiarit\u00e9s avec d&rsquo;autres \u00eatres marins dans les mouvements de nos mains. Poissons et humains, nous partageons un anc\u00eatre commun qui \u00e9tait un t\u00e9trapode aquatique, cf. phylog\u00e9nie. (Searching for familiarities with other ocean beings in our hand movements. Fish and humans, we share a common ancestor who was an aquatic tetrapod, cf.phylogeny)<\/p>\n\n\n\n<figure class=\"wp-block-image size-large\"><img loading=\"lazy\" decoding=\"async\" width=\"1024\" height=\"681\" src=\"http:\/\/helenegugenheim.com\/wp-content\/uploads\/2024\/01\/DSC_0635-R2-1024x681.jpg\" alt=\"\" class=\"wp-image-5669\" srcset=\"https:\/\/helenegugenheim.com\/wp-content\/uploads\/2024\/01\/DSC_0635-R2-1024x681.jpg 1024w, https:\/\/helenegugenheim.com\/wp-content\/uploads\/2024\/01\/DSC_0635-R2-300x200.jpg 300w, https:\/\/helenegugenheim.com\/wp-content\/uploads\/2024\/01\/DSC_0635-R2-768x511.jpg 768w, https:\/\/helenegugenheim.com\/wp-content\/uploads\/2024\/01\/DSC_0635-R2-1536x1022.jpg 1536w, https:\/\/helenegugenheim.com\/wp-content\/uploads\/2024\/01\/DSC_0635-R2-2048x1363.jpg 2048w\" sizes=\"auto, (max-width: 1024px) 100vw, 1024px\" \/><\/figure>\n\n\n\n<p style=\"font-size:10px\">Les Sir\u00e8nes (ocean family) Liam, biodegradable sequins and lube, 2023<\/p>\n\n\n\n<figure class=\"wp-block-image size-large\"><img loading=\"lazy\" decoding=\"async\" width=\"1024\" height=\"683\" src=\"http:\/\/helenegugenheim.com\/wp-content\/uploads\/2025\/01\/004-planche-contact-vero-labo-1024x683.jpg\" alt=\"\" class=\"wp-image-6075\" srcset=\"https:\/\/helenegugenheim.com\/wp-content\/uploads\/2025\/01\/004-planche-contact-vero-labo-1024x683.jpg 1024w, https:\/\/helenegugenheim.com\/wp-content\/uploads\/2025\/01\/004-planche-contact-vero-labo-300x200.jpg 300w, https:\/\/helenegugenheim.com\/wp-content\/uploads\/2025\/01\/004-planche-contact-vero-labo-768x512.jpg 768w, https:\/\/helenegugenheim.com\/wp-content\/uploads\/2025\/01\/004-planche-contact-vero-labo-1536x1024.jpg 1536w, https:\/\/helenegugenheim.com\/wp-content\/uploads\/2025\/01\/004-planche-contact-vero-labo-2048x1365.jpg 2048w\" sizes=\"auto, (max-width: 1024px) 100vw, 1024px\" \/><\/figure>\n\n\n\n<p style=\"font-size:10px\">Les Sir\u00e8nes (ocean family) V\u00e9ro, sea salt and lube, 2022<\/p>\n\n\n\n<p class=\"has-small-font-size\">A DeMoS Production for Carefish\/Catch project<\/p>\n\n\n\n<p class=\"has-small-font-size\"><strong>Aussi dans la recherche-cr\u00e9ation Ocean family : <\/strong><br>>> <a href=\"http:\/\/helenegugenheim.com\/?page_id=5266\" data-type=\"page\" data-id=\"5266\">The Wake<\/a><br>>> <a href=\"https:\/\/helenegugenheim.com\/?page_id=6373\" data-type=\"page\" data-id=\"6373\">Ocean family<\/a><br>>> <a href=\"http:\/\/helenegugenheim.com\/?page_id=5497\" data-type=\"page\" data-id=\"5497\">Cooking the ocean family<\/a><br>>> <a href=\"http:\/\/helenegugenheim.com\/?page_id=5614\">Samuelito<\/a><br>>> <a href=\"http:\/\/helenegugenheim.com\/?page_id=5529\" data-type=\"page\" data-id=\"5529\">Mar verde<\/a><br>>> <a href=\"http:\/\/helenegugenheim.com\/?page_id=5592\" data-type=\"page\" data-id=\"5592\">Une sardine<\/a><\/p>\n","protected":false},"excerpt":{"rendered":"<p>Chercher des familiarit\u00e9s avec d&rsquo;autres \u00eatres marins dans les mouvements de nos mains. Poissons et humains, nous partageons un anc\u00eatre commun qui \u00e9tait un t\u00e9trapode aquatique, cf. phylog\u00e9nie. (Searching for familiarities with other ocean beings in our hand movements. Fish and humans, we share a common ancestor who was an aquatic tetrapod, cf.phylogeny) Les Sir\u00e8nes &hellip; <a href=\"https:\/\/helenegugenheim.com\/?page_id=5401\" class=\"more-link\">Continuer la lecture de <span class=\"screen-reader-text\">Les Sir\u00e8nes (ocean family)<\/span><\/a><\/p>\n","protected":false},"author":1,"featured_media":0,"parent":3001,"menu_order":0,"comment_status":"closed","ping_status":"closed","template":"","meta":{"footnotes":""},"class_list":["post-5401","page","type-page","status-publish","hentry"],"_links":{"self":[{"href":"https:\/\/helenegugenheim.com\/index.php?rest_route=\/wp\/v2\/pages\/5401","targetHints":{"allow":["GET"]}}],"collection":[{"href":"https:\/\/helenegugenheim.com\/index.php?rest_route=\/wp\/v2\/pages"}],"about":[{"href":"https:\/\/helenegugenheim.com\/index.php?rest_route=\/wp\/v2\/types\/page"}],"author":[{"embeddable":true,"href":"https:\/\/helenegugenheim.com\/index.php?rest_route=\/wp\/v2\/users\/1"}],"replies":[{"embeddable":true,"href":"https:\/\/helenegugenheim.com\/index.php?rest_route=%2Fwp%2Fv2%2Fcomments&post=5401"}],"version-history":[{"count":54,"href":"https:\/\/helenegugenheim.com\/index.php?rest_route=\/wp\/v2\/pages\/5401\/revisions"}],"predecessor-version":[{"id":6399,"href":"https:\/\/helenegugenheim.com\/index.php?rest_route=\/wp\/v2\/pages\/5401\/revisions\/6399"}],"up":[{"embeddable":true,"href":"https:\/\/helenegugenheim.com\/index.php?rest_route=\/wp\/v2\/pages\/3001"}],"wp:attachment":[{"href":"https:\/\/helenegugenheim.com\/index.php?rest_route=%2Fwp%2Fv2%2Fmedia&parent=5401"}],"curies":[{"name":"wp","href":"https:\/\/api.w.org\/{rel}","templated":true}]}}