{"id":3157,"date":"2020-03-05T16:26:39","date_gmt":"2020-03-05T15:26:39","guid":{"rendered":"http:\/\/helenegugenheim.com\/?page_id=3157"},"modified":"2025-06-26T16:34:00","modified_gmt":"2025-06-26T15:34:00","slug":"mes-cicatrices-je-suis-delles-entierement-tisse-e","status":"publish","type":"page","link":"https:\/\/helenegugenheim.com\/?page_id=3157","title":{"rendered":"Mes cicatrices Je suis d&rsquo;elles, enti\u00e8rement tiss.\u00e9e"},"content":{"rendered":"\n<div class=\"wp-block-group\"><div class=\"wp-block-group__inner-container is-layout-flow wp-block-group-is-layout-flow\">\n<figure class=\"wp-block-image size-large\"><img loading=\"lazy\" decoding=\"async\" width=\"1000\" height=\"667\" src=\"http:\/\/helenegugenheim.com\/wp-content\/uploads\/2015\/05\/HG-Cicatrices-150513-Marie-06.jpg\" alt=\"\" class=\"wp-image-57\" srcset=\"https:\/\/helenegugenheim.com\/wp-content\/uploads\/2015\/05\/HG-Cicatrices-150513-Marie-06.jpg 1000w, https:\/\/helenegugenheim.com\/wp-content\/uploads\/2015\/05\/HG-Cicatrices-150513-Marie-06-300x200.jpg 300w\" sizes=\"auto, (max-width: 1000px) 100vw, 1000px\" \/><\/figure>\n\n\n\n<p style=\"font-size:11px\">Marie le 13 mai 2015. Dorure : Manuela Paul-Cavallier.  Photo : Aur\u00e9lien Mole<\/p>\n\n\n\n<figure class=\"wp-block-image size-large\"><img loading=\"lazy\" decoding=\"async\" width=\"1000\" height=\"667\" src=\"http:\/\/helenegugenheim.com\/wp-content\/uploads\/2018\/06\/weperformances-01.jpg\" alt=\"\" class=\"wp-image-1955\" srcset=\"https:\/\/helenegugenheim.com\/wp-content\/uploads\/2018\/06\/weperformances-01.jpg 1000w, https:\/\/helenegugenheim.com\/wp-content\/uploads\/2018\/06\/weperformances-01-300x200.jpg 300w, https:\/\/helenegugenheim.com\/wp-content\/uploads\/2018\/06\/weperformances-01-768x512.jpg 768w\" sizes=\"auto, (max-width: 1000px) 100vw, 1000px\" \/><\/figure>\n\n\n\n<figure class=\"wp-block-image size-large\"><img loading=\"lazy\" decoding=\"async\" width=\"999\" height=\"666\" src=\"http:\/\/helenegugenheim.com\/wp-content\/uploads\/2021\/05\/1D7A3268.jpg\" alt=\"\" class=\"wp-image-4737\" srcset=\"https:\/\/helenegugenheim.com\/wp-content\/uploads\/2021\/05\/1D7A3268.jpg 999w, https:\/\/helenegugenheim.com\/wp-content\/uploads\/2021\/05\/1D7A3268-300x200.jpg 300w, https:\/\/helenegugenheim.com\/wp-content\/uploads\/2021\/05\/1D7A3268-768x512.jpg 768w\" sizes=\"auto, (max-width: 999px) 100vw, 999px\" \/><\/figure>\n\n\n\n<figure class=\"wp-block-image size-large\"><img loading=\"lazy\" decoding=\"async\" width=\"1000\" height=\"697\" src=\"http:\/\/helenegugenheim.com\/wp-content\/uploads\/2018\/06\/weperformances-15.jpg\" alt=\"\" class=\"wp-image-1969\" srcset=\"https:\/\/helenegugenheim.com\/wp-content\/uploads\/2018\/06\/weperformances-15.jpg 1000w, https:\/\/helenegugenheim.com\/wp-content\/uploads\/2018\/06\/weperformances-15-300x209.jpg 300w, https:\/\/helenegugenheim.com\/wp-content\/uploads\/2018\/06\/weperformances-15-768x535.jpg 768w\" sizes=\"auto, (max-width: 1000px) 100vw, 1000px\" \/><\/figure>\n\n\n\n<p style=\"font-size:11px\">Performance en (et sur le) public, \u00e0 l&rsquo;invitation de Jeune cr\u00e9ation\/Week-end performances, 9 juin  2018, galerie Jean Collet \u00e0 Vitry. Dorure : Flore Falcinelli. M\u00e9diation :  Malika Baaziz. Photos : Florent Mulot. <\/p>\n<\/div><\/div>\n\n\n\n<p class=\"has-small-font-size\"><strong>The Christa project<\/strong>,  Cathedral of St. John the Divine, New-York , exposition collective, du 6 octobre 2016 au 12 mars 2017. Commissariat : Hannah Wolfe Eisner<\/p>\n\n\n\n<div class=\"wp-block-group\"><div class=\"wp-block-group__inner-container is-layout-flow wp-block-group-is-layout-flow\">\n<p class=\"has-small-font-size\"><strong>Week-end performances<\/strong>, galerie Jean Collet Vitry, 9 juin  2018. Dorure  : Flore Falcinelli. M\u00e9diation :  Malika Baaziz. Photos : Florent Mulot<br><strong>Jeudis Arty<\/strong>, galerie R\u00e9sidences Paris, 3 novembre 2016.  Dorure : Camille Moncomble. M\u00e9diation : Aude Medori et Marion Rayet. Photos : Louise Dumont <br><strong>Jeune cr\u00e9ation 66<\/strong>, galerie Thaddaeus Ropac Pantin, 17 janvier 2016.  Dorure : Xavier No\u00ebl. M\u00e9diation : Malika Baaziz. Photos : Louise Dumont. Film : Florent Mulot <\/p>\n\n\n\n<p class=\"has-small-font-size\"><strong>H\u00e9l\u00e8ne<\/strong>, 12 septembre 2016, atelier Lardeur Paris. Dorure : Thibauld Mazire.  Photos : Florent Mulot. Film : Mathilde Cuvelier.     <br><strong>Olivier Q<\/strong>, 29 juin 2016, atelier Lardeur Paris. Dorure : May Pham van Suu.  Photos : Florent Mulot. Film : Olivier Londe.     <br><strong>Antoine<\/strong>, 14 juin 2016, atelier Lardeur Paris. Dorure : Martine Rey.  Photos : Florent Mulot. Film : Mathilde Cuvelier.     <br><strong>Cl\u00e9mentine<\/strong>, 5 mai 2016, atelier Lardeur Paris. Dorure : Isabelle Emmerique.  Photos : Florent Mulot. Film : Mathilde Cuvelier.     <br><strong>Olivier<\/strong>, 15 septembre 2015, atelier Lardeur Paris. Dorure : Louise Dumont. Photos : Florent Mulot. Film : Mathilde Cuvelier.    <br><strong>Marie<\/strong>, 13 mai 2015, atelier Lardeur Paris. Dorure : Manuela Paul-Cavallier. Photos : Aur\u00e9lien Mole. Film : Mathilde Cuvelier.   <\/p>\n\n\n\n<p><\/p>\n<\/div><\/div>\n\n\n\n<figure class=\"wp-block-audio\"><audio controls src=\"http:\/\/helenegugenheim.com\/wp-content\/uploads\/2021\/05\/Et_autour_du_silence-stereo.mp3\"><\/audio><\/figure>\n\n\n\n<p class=\"has-light-gray-background-color has-background\" style=\"font-size:11px\">Et autour du silence, H\u00e9l\u00e8ne Gugenheim et Th\u00e9o Harfoush, 2018.  Pi\u00e8ce sonore pour 4 haut-parleurs, 24&rsquo;32. Avec les voix d&rsquo;Alexandre, Aur\u00e9lie, Camille, Eug\u00e8ne, Fabio, H\u00e9l\u00e8ne, Jean, Jeanine, Justin, Lisa, Margaux, Nathan, Nicole, Th\u00e9o, Violette.     <\/p>\n","protected":false},"excerpt":{"rendered":"<p>Marie le 13 mai 2015. Dorure : Manuela Paul-Cavallier. Photo : Aur\u00e9lien Mole Performance en (et sur le) public, \u00e0 l&rsquo;invitation de Jeune cr\u00e9ation\/Week-end performances, 9 juin 2018, galerie Jean Collet \u00e0 Vitry. Dorure : Flore Falcinelli. M\u00e9diation : Malika Baaziz. Photos : Florent Mulot. The Christa project, Cathedral of St. John the Divine, New-York &hellip; <a href=\"https:\/\/helenegugenheim.com\/?page_id=3157\" class=\"more-link\">Continuer la lecture de <span class=\"screen-reader-text\">Mes cicatrices Je suis d&rsquo;elles, enti\u00e8rement tiss.\u00e9e<\/span><\/a><\/p>\n","protected":false},"author":1,"featured_media":0,"parent":3001,"menu_order":0,"comment_status":"closed","ping_status":"closed","template":"","meta":{"footnotes":""},"class_list":["post-3157","page","type-page","status-publish","hentry"],"_links":{"self":[{"href":"https:\/\/helenegugenheim.com\/index.php?rest_route=\/wp\/v2\/pages\/3157","targetHints":{"allow":["GET"]}}],"collection":[{"href":"https:\/\/helenegugenheim.com\/index.php?rest_route=\/wp\/v2\/pages"}],"about":[{"href":"https:\/\/helenegugenheim.com\/index.php?rest_route=\/wp\/v2\/types\/page"}],"author":[{"embeddable":true,"href":"https:\/\/helenegugenheim.com\/index.php?rest_route=\/wp\/v2\/users\/1"}],"replies":[{"embeddable":true,"href":"https:\/\/helenegugenheim.com\/index.php?rest_route=%2Fwp%2Fv2%2Fcomments&post=3157"}],"version-history":[{"count":39,"href":"https:\/\/helenegugenheim.com\/index.php?rest_route=\/wp\/v2\/pages\/3157\/revisions"}],"predecessor-version":[{"id":6154,"href":"https:\/\/helenegugenheim.com\/index.php?rest_route=\/wp\/v2\/pages\/3157\/revisions\/6154"}],"up":[{"embeddable":true,"href":"https:\/\/helenegugenheim.com\/index.php?rest_route=\/wp\/v2\/pages\/3001"}],"wp:attachment":[{"href":"https:\/\/helenegugenheim.com\/index.php?rest_route=%2Fwp%2Fv2%2Fmedia&parent=3157"}],"curies":[{"name":"wp","href":"https:\/\/api.w.org\/{rel}","templated":true}]}}