{"id":3112,"date":"2020-03-04T17:44:52","date_gmt":"2020-03-04T16:44:52","guid":{"rendered":"http:\/\/helenegugenheim.com\/?page_id=3112"},"modified":"2024-12-28T18:43:23","modified_gmt":"2024-12-28T17:43:23","slug":"les-mots-excitants","status":"publish","type":"page","link":"https:\/\/helenegugenheim.com\/?page_id=3112","title":{"rendered":"Les mots excitants"},"content":{"rendered":"\n<p class=\"has-small-font-size\">Se bander les yeux et se laisser confier par des anonymes,  les mots et phrases qui les excitent. Avec cette mati\u00e8re r\u00e9\u00e9crire de courts po\u00e8mes<\/p>\n\n\n\n<p class=\"has-text-align-center has-white-color has-dark-gray-background-color has-text-color has-background\" style=\"font-size:13px\">Je baise la terre<br>Tremble quand,<br>Je te baise<br>Tremble quand,<br>Je baise la terre<br><br> 1\/41. \u00ab&nbsp;Les mots excitants&nbsp;\u00bb, 2016 <\/p>\n\n\n\n<p class=\"has-text-align-center has-white-color has-dark-gray-background-color has-text-color has-background has-link-color has-small-font-size wp-elements-12a33f2bc68d88e3a04cdcaf2c6b6fc2\">Entre cuisses<br>Vertige<br>Aspire-moi<br><br> 19\/41. \u00ab&nbsp;Les mots excitants&nbsp;\u00bb, 2016 <\/p>\n\n\n\n<p class=\"has-text-align-center has-white-color has-dark-gray-background-color has-text-color has-background has-small-font-size\">Au secours<br><br> 20\/41. \u00ab&nbsp;Les mots excitants&nbsp;\u00bb, 2016 <\/p>\n\n\n\n<p class=\"has-small-font-size\"><strong>R\u00e9sidence EroSph\u00e8re<\/strong>, Micadanse, Paris, \u00e9t\u00e9 2016<\/p>\n","protected":false},"excerpt":{"rendered":"<p>Se bander les yeux et se laisser confier par des anonymes, les mots et phrases qui les excitent. Avec cette mati\u00e8re r\u00e9\u00e9crire de courts po\u00e8mes Je baise la terreTremble quand,Je te baiseTremble quand,Je baise la terre 1\/41. \u00ab&nbsp;Les mots excitants&nbsp;\u00bb, 2016 Entre cuissesVertigeAspire-moi 19\/41. \u00ab&nbsp;Les mots excitants&nbsp;\u00bb, 2016 Au secours 20\/41. \u00ab&nbsp;Les mots excitants&nbsp;\u00bb, 2016 &hellip; <a href=\"https:\/\/helenegugenheim.com\/?page_id=3112\" class=\"more-link\">Continuer la lecture de <span class=\"screen-reader-text\">Les mots excitants<\/span><\/a><\/p>\n","protected":false},"author":1,"featured_media":0,"parent":3001,"menu_order":0,"comment_status":"closed","ping_status":"closed","template":"","meta":{"footnotes":""},"class_list":["post-3112","page","type-page","status-publish","hentry"],"_links":{"self":[{"href":"https:\/\/helenegugenheim.com\/index.php?rest_route=\/wp\/v2\/pages\/3112","targetHints":{"allow":["GET"]}}],"collection":[{"href":"https:\/\/helenegugenheim.com\/index.php?rest_route=\/wp\/v2\/pages"}],"about":[{"href":"https:\/\/helenegugenheim.com\/index.php?rest_route=\/wp\/v2\/types\/page"}],"author":[{"embeddable":true,"href":"https:\/\/helenegugenheim.com\/index.php?rest_route=\/wp\/v2\/users\/1"}],"replies":[{"embeddable":true,"href":"https:\/\/helenegugenheim.com\/index.php?rest_route=%2Fwp%2Fv2%2Fcomments&post=3112"}],"version-history":[{"count":15,"href":"https:\/\/helenegugenheim.com\/index.php?rest_route=\/wp\/v2\/pages\/3112\/revisions"}],"predecessor-version":[{"id":5927,"href":"https:\/\/helenegugenheim.com\/index.php?rest_route=\/wp\/v2\/pages\/3112\/revisions\/5927"}],"up":[{"embeddable":true,"href":"https:\/\/helenegugenheim.com\/index.php?rest_route=\/wp\/v2\/pages\/3001"}],"wp:attachment":[{"href":"https:\/\/helenegugenheim.com\/index.php?rest_route=%2Fwp%2Fv2%2Fmedia&parent=3112"}],"curies":[{"name":"wp","href":"https:\/\/api.w.org\/{rel}","templated":true}]}}