{"id":3081,"date":"2020-03-04T15:48:13","date_gmt":"2020-03-04T14:48:13","guid":{"rendered":"http:\/\/helenegugenheim.com\/?page_id=3081"},"modified":"2024-12-28T11:59:28","modified_gmt":"2024-12-28T10:59:28","slug":"les-autoportraits-a-la-bougie-danniversaire","status":"publish","type":"page","link":"https:\/\/helenegugenheim.com\/?page_id=3081","title":{"rendered":"Les autoportraits \u00e0 la bougie d&rsquo;anniversaire"},"content":{"rendered":"\n<p class=\"has-small-font-size\">Sans fin, une femme reprend le m\u00eame souhait face \u00e0 des personnes dans lesquelles elle se regarde comme dans un miroir : <em>\u00ab\u00a0je voudrais \u00eatre belle\u00a0\u00bb<\/em>.<\/p>\n\n\n\n<figure class=\"wp-block-image\"><img loading=\"lazy\" decoding=\"async\" width=\"1000\" height=\"667\" src=\"http:\/\/helenegugenheim.com\/wp-content\/uploads\/2020\/02\/BD-0025_PSL_Chaire_Beautes_Janvier_2020_Daniel_Nicolaevsky_Maria-00025-1.jpg\" alt=\"\" class=\"wp-image-2953\" srcset=\"https:\/\/helenegugenheim.com\/wp-content\/uploads\/2020\/02\/BD-0025_PSL_Chaire_Beautes_Janvier_2020_Daniel_Nicolaevsky_Maria-00025-1.jpg 1000w, https:\/\/helenegugenheim.com\/wp-content\/uploads\/2020\/02\/BD-0025_PSL_Chaire_Beautes_Janvier_2020_Daniel_Nicolaevsky_Maria-00025-1-300x200.jpg 300w, https:\/\/helenegugenheim.com\/wp-content\/uploads\/2020\/02\/BD-0025_PSL_Chaire_Beautes_Janvier_2020_Daniel_Nicolaevsky_Maria-00025-1-768x512.jpg 768w\" sizes=\"auto, (max-width: 1000px) 100vw, 1000px\" \/><\/figure>\n\n\n\n<figure class=\"wp-block-image size-large\"><img loading=\"lazy\" decoding=\"async\" width=\"1000\" height=\"667\" src=\"http:\/\/helenegugenheim.com\/wp-content\/uploads\/2020\/02\/BD-0039_PSL_Chaire_Beautes_Janvier_2020_Daniel_Nicolaevsky_Maria-00039-1.jpg\" alt=\"\" class=\"wp-image-2956\" srcset=\"https:\/\/helenegugenheim.com\/wp-content\/uploads\/2020\/02\/BD-0039_PSL_Chaire_Beautes_Janvier_2020_Daniel_Nicolaevsky_Maria-00039-1.jpg 1000w, https:\/\/helenegugenheim.com\/wp-content\/uploads\/2020\/02\/BD-0039_PSL_Chaire_Beautes_Janvier_2020_Daniel_Nicolaevsky_Maria-00039-1-300x200.jpg 300w, https:\/\/helenegugenheim.com\/wp-content\/uploads\/2020\/02\/BD-0039_PSL_Chaire_Beautes_Janvier_2020_Daniel_Nicolaevsky_Maria-00039-1-768x512.jpg 768w\" sizes=\"auto, (max-width: 1000px) 100vw, 1000px\" \/><\/figure>\n\n\n\n<figure class=\"wp-block-image size-large\"><img loading=\"lazy\" decoding=\"async\" width=\"667\" height=\"1000\" src=\"http:\/\/helenegugenheim.com\/wp-content\/uploads\/2020\/02\/BD-0034_PSL_Chaire_Beautes_Janvier_2020_Daniel_Nicolaevsky_Maria-00034-1.jpg\" alt=\"\" class=\"wp-image-2955\" srcset=\"https:\/\/helenegugenheim.com\/wp-content\/uploads\/2020\/02\/BD-0034_PSL_Chaire_Beautes_Janvier_2020_Daniel_Nicolaevsky_Maria-00034-1.jpg 667w, https:\/\/helenegugenheim.com\/wp-content\/uploads\/2020\/02\/BD-0034_PSL_Chaire_Beautes_Janvier_2020_Daniel_Nicolaevsky_Maria-00034-1-200x300.jpg 200w\" sizes=\"auto, (max-width: 667px) 100vw, 667px\" \/><\/figure>\n\n\n\n<p class=\"has-small-font-size\">Cr\u00e9ation \u00e0 l\u2019invitation de La Chaire Beaut\u00e9(s) port\u00e9e par l\u2019Universit\u00e9 PSL avec le m\u00e9c\u00e9nat de l\u2019Or\u00e9al, en ouverture de la Conf\u00e9rence #2&nbsp;<em>Les beaut\u00e9s du corps<\/em>, au Conservatoire National Sup\u00e9rieur d\u2019Art Dramatique de Paris, le 16 janvier 2020 ; interventions crois\u00e9es avec la tatoueuse Amanda Wachob et le sociologue David Le Breton.&nbsp;<a rel=\"noreferrer noopener\" href=\"https:\/\/www.psl.eu\/recherche\/chaire-beautes\/programme\" target=\"_blank\">En savoir plus sur la Chaire Beaut\u00e9(s)<\/a> <\/p>\n\n\n\n<p class=\"has-small-font-size\"> Photos : Universit\u00e9 PSL, Chaire Beaut\u00e9(s)\/Daniel Nicolaevsky <\/p>\n","protected":false},"excerpt":{"rendered":"<p>Sans fin, une femme reprend le m\u00eame souhait face \u00e0 des personnes dans lesquelles elle se regarde comme dans un miroir : \u00ab\u00a0je voudrais \u00eatre belle\u00a0\u00bb. Cr\u00e9ation \u00e0 l\u2019invitation de La Chaire Beaut\u00e9(s) port\u00e9e par l\u2019Universit\u00e9 PSL avec le m\u00e9c\u00e9nat de l\u2019Or\u00e9al, en ouverture de la Conf\u00e9rence #2&nbsp;Les beaut\u00e9s du corps, au Conservatoire National Sup\u00e9rieur &hellip; <a href=\"https:\/\/helenegugenheim.com\/?page_id=3081\" class=\"more-link\">Continuer la lecture de <span class=\"screen-reader-text\">Les autoportraits \u00e0 la bougie d&rsquo;anniversaire<\/span><\/a><\/p>\n","protected":false},"author":1,"featured_media":0,"parent":3001,"menu_order":0,"comment_status":"closed","ping_status":"closed","template":"","meta":{"footnotes":""},"class_list":["post-3081","page","type-page","status-publish","hentry"],"_links":{"self":[{"href":"https:\/\/helenegugenheim.com\/index.php?rest_route=\/wp\/v2\/pages\/3081","targetHints":{"allow":["GET"]}}],"collection":[{"href":"https:\/\/helenegugenheim.com\/index.php?rest_route=\/wp\/v2\/pages"}],"about":[{"href":"https:\/\/helenegugenheim.com\/index.php?rest_route=\/wp\/v2\/types\/page"}],"author":[{"embeddable":true,"href":"https:\/\/helenegugenheim.com\/index.php?rest_route=\/wp\/v2\/users\/1"}],"replies":[{"embeddable":true,"href":"https:\/\/helenegugenheim.com\/index.php?rest_route=%2Fwp%2Fv2%2Fcomments&post=3081"}],"version-history":[{"count":5,"href":"https:\/\/helenegugenheim.com\/index.php?rest_route=\/wp\/v2\/pages\/3081\/revisions"}],"predecessor-version":[{"id":5847,"href":"https:\/\/helenegugenheim.com\/index.php?rest_route=\/wp\/v2\/pages\/3081\/revisions\/5847"}],"up":[{"embeddable":true,"href":"https:\/\/helenegugenheim.com\/index.php?rest_route=\/wp\/v2\/pages\/3001"}],"wp:attachment":[{"href":"https:\/\/helenegugenheim.com\/index.php?rest_route=%2Fwp%2Fv2%2Fmedia&parent=3081"}],"curies":[{"name":"wp","href":"https:\/\/api.w.org\/{rel}","templated":true}]}}